{"id":7,"date":"2026-03-17T16:10:16","date_gmt":"2026-03-17T15:10:16","guid":{"rendered":"https:\/\/www.istishara.com.tn\/?page_id=7"},"modified":"2026-03-18T14:04:54","modified_gmt":"2026-03-18T13:04:54","slug":"colibri-wp","status":"publish","type":"page","link":"https:\/\/www.istishara.com.tn\/","title":{"rendered":"Front Page"},"content":{"rendered":"<div data-colibri-id=\"7-c1\" class=\"style-193 style-local-7-c1 position-relative\">\n  <!---->\n  <div data-colibri-component=\"section\" data-colibri-id=\"7-c2\" id=\"overlappable\" class=\"h-section h-section-global-spacing d-flex align-items-lg-center align-items-md-center align-items-center style-211 style-local-7-c2 position-relative\">\n    <!---->\n    <!---->\n    <div class=\"h-section-grid-container h-section-boxed-container\">\n      <!---->\n      <div data-colibri-id=\"7-c3\" class=\"h-row-container gutters-row-lg-0 gutters-row-md-0 gutters-row-2 gutters-row-v-lg-0 gutters-row-v-md-0 gutters-row-v-2 style-212 style-local-7-c3 position-relative\">\n        <!---->\n        <div class=\"h-row justify-content-lg-center justify-content-md-center justify-content-center align-items-lg-stretch align-items-md-stretch align-items-stretch gutters-col-lg-0 gutters-col-md-0 gutters-col-2 gutters-col-v-lg-0 gutters-col-v-md-0 gutters-col-v-2\">\n          <!---->\n          <div class=\"h-column h-column-container d-flex h-col-lg-3 h-col-md-3 h-col-12 style-213-outer style-local-7-c4-outer\">\n            <div data-colibri-id=\"7-c4\" class=\"d-flex h-flex-basis h-column__inner h-px-lg-3 h-px-md-3 h-px-2 v-inner-lg-3 v-inner-md-3 v-inner-2 style-213 style-local-7-c4 position-relative\">\n              <!---->\n              <!---->\n              <div class=\"w-100 h-y-container h-column__content h-column__v-align flex-basis-100 align-self-lg-center align-self-md-center align-self-center\">\n                <!---->\n                <div data-colibri-id=\"7-c5\" class=\"h-icon style-214 style-local-7-c5 position-relative h-element\">\n                  <!----><span class=\"h-svg-icon h-icon__icon style-214-icon style-local-7-c5-icon\"><!--Icon by Font Awesome (https:\/\/fontawesome.com)-->\n    <svg version=\"1.1\" xmlns=\"http:\/\/www.w3.org\/2000\/svg\" xmlns:xlink=\"http:\/\/www.w3.org\/1999\/xlink\" id=\"paper-plane\" viewBox=\"0 0 1792.0013 1896.0833\">\n      <path d=\"M1764 11q33 24 27 64l-256 1536q-5 29-32 45-14 8-31 8-11 0-24-5l-453-185-242 295q-18 23-49 23-13 0-22-4-19-7-30.5-23.5T640 1728v-349l864-1059-1069 925-395-162q-37-14-40-55-2-40 32-59L1696 9q15-9 32-9 20 0 36 11z\"><\/path>\n    <\/svg><\/span><\/div>\n                <div data-colibri-id=\"7-c6\" class=\"h-global-transition-all h-heading style-215 style-local-7-c6 position-relative h-element\">\n                  <!---->\n                  <div class=\"h-heading__outer style-215 style-local-7-c6\">\n                    <!---->\n                    <!---->\n                    <h5 class=\"\">Questions juridiques<\/h5>\n                  <\/div>\n                <\/div>\n                <div data-colibri-id=\"7-c7\" class=\"h-text h-text-component style-216 style-local-7-c7 position-relative h-element\">\n                  <!---->\n                  <!---->\n                  <div class=\"\">\n                    <p><span style=\"font-weight: 400; font-size: 18px; font-family: Poppins; color: rgb(55, 57, 78);\">Des professionnels accr\u00e9dit\u00e9s sont connect\u00e9s 24\/24h pour vous rendre service et vous fournir toutes les informations dont vous avez besoin, et ce en toute anonymit\u00e9, discr\u00e9tion et s\u00e9curit\u00e9.<\/span><\/p>\n                  <\/div>\n                <\/div>\n              <\/div>\n            <\/div>\n          <\/div>\n          <div class=\"h-column h-column-container d-flex h-col-lg-3 h-col-md-3 h-col-12 style-213-outer style-local-7-c8-outer\">\n            <div data-colibri-id=\"7-c8\" class=\"d-flex h-flex-basis h-column__inner h-px-lg-3 h-px-md-3 h-px-2 v-inner-lg-3 v-inner-md-3 v-inner-2 style-213 style-local-7-c8 position-relative\">\n              <!---->\n              <!---->\n              <div class=\"w-100 h-y-container h-column__content h-column__v-align flex-basis-100 align-self-lg-center align-self-md-center align-self-center\">\n                <!---->\n                <div data-colibri-id=\"7-c9\" class=\"h-icon style-214 style-local-7-c9 position-relative h-element\">\n                  <!----><span class=\"h-svg-icon h-icon__icon style-214-icon style-local-7-c9-icon\"><!--Icon by Font Awesome (https:\/\/fontawesome.com)-->\n    <svg version=\"1.1\" xmlns=\"http:\/\/www.w3.org\/2000\/svg\" xmlns:xlink=\"http:\/\/www.w3.org\/1999\/xlink\" id=\"signal\" viewBox=\"0 0 1792 1896.0833\">\n      <path d=\"M256 1440v192q0 14-9 23t-23 9H32q-14 0-23-9t-9-23v-192q0-14 9-23t23-9h192q14 0 23 9t9 23zm384-128v320q0 14-9 23t-23 9H416q-14 0-23-9t-9-23v-320q0-14 9-23t23-9h192q14 0 23 9t9 23zm384-256v576q0 14-9 23t-23 9H800q-14 0-23-9t-9-23v-576q0-14 9-23t23-9h192q14 0 23 9t9 23zm384-384v960q0 14-9 23t-23 9h-192q-14 0-23-9t-9-23V672q0-14 9-23t23-9h192q14 0 23 9t9 23zm384-512v1472q0 14-9 23t-23 9h-192q-14 0-23-9t-9-23V160q0-14 9-23t23-9h192q14 0 23 9t9 23z\"><\/path>\n    <\/svg><\/span><\/div>\n                <div data-colibri-id=\"7-c10\" class=\"h-global-transition-all h-heading style-215 style-local-7-c10 position-relative h-element\">\n                  <!---->\n                  <div class=\"h-heading__outer style-215 style-local-7-c10\">\n                    <!---->\n                    <!---->\n                    <h5 class=\"\">Questions comptables<\/h5>\n                  <\/div>\n                <\/div>\n                <div data-colibri-id=\"7-c11\" class=\"h-text h-text-component style-216 style-local-7-c11 position-relative h-element\">\n                  <!---->\n                  <!---->\n                  <div class=\"\">\n                    <p><span style=\"font-weight: 400; font-size: 18px; font-family: Poppins; color: rgb(55, 57, 78);\">Des professionnels accr\u00e9dit\u00e9s sont connect\u00e9s 24\/24h pour vous rendre service et vous fournir toutes les informations dont vous avez besoin, et ce en toute anonymit\u00e9, discr\u00e9tion et s\u00e9curit\u00e9.<\/span><\/p>\n                  <\/div>\n                <\/div>\n              <\/div>\n            <\/div>\n          <\/div>\n          <div class=\"h-column h-column-container d-flex h-col-lg-3 h-col-md-3 h-col-12 style-213-outer style-local-7-c12-outer\">\n            <div data-colibri-id=\"7-c12\" class=\"d-flex h-flex-basis h-column__inner h-px-lg-3 h-px-md-3 h-px-2 v-inner-lg-3 v-inner-md-3 v-inner-2 style-213 style-local-7-c12 position-relative\">\n              <!---->\n              <!---->\n              <div class=\"w-100 h-y-container h-column__content h-column__v-align flex-basis-100 align-self-lg-center align-self-md-center align-self-center\">\n                <!---->\n                <div data-colibri-id=\"7-c13\" class=\"h-icon style-214 style-local-7-c13 position-relative h-element\">\n                  <!----><span class=\"h-svg-icon h-icon__icon style-214-icon style-local-7-c13-icon\"><!--Icon by Icons8 Line Awesome (https:\/\/icons8.com\/line-awesome)--><svg version=\"1.1\" xmlns=\"http:\/\/www.w3.org\/2000\/svg\" xmlns:xlink=\"http:\/\/www.w3.org\/1999\/xlink\" id=\"cubes\" viewBox=\"0 0 512 545.5\"><path d=\"M256 96l6 2.5 96 38.5 10 4v107.5l86.5 37.5 9.5 4.5v129l-8 5-96 53.5-7.5 4-7.5-3.5-89-44.5-89 44.5-7.5 3.5-7.5-4-96-53.5-8-5v-129l9.5-4.5 86.5-37.5V141l10-4 96-38.5zm0 35l-52.5 20.5L256 172l52.5-20.5zm-80 44v74l64 28.5v-78zm160 0l-64 24.5v78l64-28.5v-74zM160 277l-58 25 58 29 58-28.5zm192 0l-40 17.5-18 8 58 28.5 58-29zM80 326.5V401l64 36v-78.5zm352 0l-64 32V437l64-36v-74.5zm-192 1l-64 31V438l64-32v-78.5zm32 0V406l64 32v-79.5z\"><\/path><\/svg><\/span><\/div>\n                <div\n                  data-colibri-id=\"7-c14\" class=\"h-global-transition-all h-heading style-215 style-local-7-c14 position-relative h-element\">\n                  <!---->\n                  <div class=\"h-heading__outer style-215 style-local-7-c14\">\n                    <!---->\n                    <!---->\n                    <h5 class=\"\">Questions fiscales<\/h5>\n                  <\/div>\n              <\/div>\n              <div data-colibri-id=\"7-c15\" class=\"h-text h-text-component style-216 style-local-7-c15 position-relative h-element\">\n                <!---->\n                <!---->\n                <div class=\"\">\n                  <p><span style=\"font-weight: 400; font-size: 18px; font-family: Poppins; color: rgb(55, 57, 78);\">Des professionnels accr\u00e9dit\u00e9s sont connect\u00e9s 24\/24h pour vous rendre service et vous fournir toutes les informations dont vous avez besoin, et ce en toute anonymit\u00e9, discr\u00e9tion et s\u00e9curit\u00e9.<\/span><\/p>\n                <\/div>\n              <\/div>\n            <\/div>\n          <\/div>\n        <\/div>\n        <div class=\"h-column h-column-container d-flex h-col-lg-3 h-col-md-3 h-col-12 style-217-outer style-local-7-c16-outer\">\n          <div data-colibri-id=\"7-c16\" class=\"d-flex h-flex-basis h-column__inner h-px-lg-3 h-px-md-3 h-px-2 v-inner-lg-3 v-inner-md-3 v-inner-2 style-217 style-local-7-c16 position-relative\">\n            <!---->\n            <!---->\n            <div class=\"w-100 h-y-container h-column__content h-column__v-align flex-basis-100 align-self-lg-center align-self-md-center align-self-center\">\n              <!---->\n              <div data-colibri-id=\"7-c17\" class=\"h-icon style-214 style-local-7-c17 position-relative h-element\">\n                <!----><span class=\"h-svg-icon h-icon__icon style-214-icon style-local-7-c17-icon\"><!--Icon by Icons8 Line Awesome (https:\/\/icons8.com\/line-awesome)--><svg version=\"1.1\" xmlns=\"http:\/\/www.w3.org\/2000\/svg\" xmlns:xlink=\"http:\/\/www.w3.org\/1999\/xlink\" id=\"area-chart\" viewBox=\"0 0 512 545.5\"><path d=\"M448 97v383H64V204.5l19 4 73 14.5 91-60.5 5.5-3.5 6 1 89.5 15 74-58zm-32 65.5l-54 42-5.5 4.5-7-1-90-15-90.5 60.5-5.5 3.5-6.5-1.5-61-12V309l62 25 89-59.5 6.5-4 7.5 2.5 87.5 29 67.5-53.5v-86zm0 127l-54 43-7 5.5-8-3-88-29.5-90 60-7 4.5-8-3-58-23v104h320V289.5z\"><\/path><\/svg><\/span><\/div>\n              <div\n                data-colibri-id=\"7-c18\" class=\"h-global-transition-all h-heading style-215 style-local-7-c18 position-relative h-element\">\n                <!---->\n                <div class=\"h-heading__outer style-215 style-local-7-c18\">\n                  <!---->\n                  <!---->\n                  <h5 class=\"\">Gestion de budget<\/h5>\n                <\/div>\n            <\/div>\n            <div data-colibri-id=\"7-c19\" class=\"h-text h-text-component style-216 style-local-7-c19 position-relative h-element\">\n              <!---->\n              <!---->\n              <div class=\"\">\n                <p>istishara vous permet un r\u00e9el gain de temps et d\u2019argent. Il suffit de cr\u00e9er un compte, de charger votre solde, de choisir le sp\u00e9cialiste adapt\u00e9 et de l\u2019appeler pour obtenir une vraie consultation sans avoir besoin de se d\u00e9placer ou de\n                  prendre un RDV.<\/p>\n                <p>\n                  <br>\n                <\/p>\n              <\/div>\n            <\/div>\n          <\/div>\n        <\/div>\n      <\/div>\n    <\/div>\n  <\/div>\n<\/div>\n<\/div>\n<div data-colibri-component=\"section\" data-colibri-id=\"7-c20\" id=\"about\" class=\"h-section h-section-global-spacing d-flex align-items-lg-center align-items-md-center align-items-center style-194 style-local-7-c20 position-relative\">\n  <!---->\n  <!---->\n  <div class=\"h-section-grid-container h-section-boxed-container\">\n    <!---->\n    <div data-colibri-id=\"7-c21\" class=\"h-row-container gutters-row-lg-2 gutters-row-md-2 gutters-row-2 gutters-row-v-lg-2 gutters-row-v-md-2 gutters-row-v-2 style-195 style-local-7-c21 position-relative\">\n      <!---->\n      <div class=\"h-row justify-content-lg-center justify-content-md-center justify-content-center align-items-lg-stretch align-items-md-stretch align-items-stretch gutters-col-lg-2 gutters-col-md-2 gutters-col-2 gutters-col-v-lg-2 gutters-col-v-md-2 gutters-col-v-2\">\n        <!---->\n        <div class=\"h-column h-column-container d-flex h-col-lg-auto h-col-md-auto h-col-auto style-196-outer style-local-7-c22-outer\">\n          <div data-colibri-id=\"7-c22\" class=\"d-flex h-flex-basis h-column__inner h-px-lg-2 h-px-md-2 h-px-2 v-inner-lg-2 v-inner-md-2 v-inner-2 style-196 style-local-7-c22 position-relative\">\n            <!---->\n            <!---->\n            <div class=\"w-100 h-y-container h-column__content h-column__v-align flex-basis-100 align-self-lg-center align-self-md-center align-self-center\">\n              <!---->\n              <div data-colibri-id=\"7-c23\" class=\"h-global-transition-all h-heading style-197 style-local-7-c23 position-relative h-element\">\n                <!---->\n                <div class=\"h-heading__outer style-197 style-local-7-c23\">\n                  <!---->\n                  <!---->\n                  <h5 class=\"\">ISTISHARA<\/h5>\n                <\/div>\n              <\/div>\n              <div data-colibri-id=\"7-c24\" class=\"h-text h-text-component style-199 style-local-7-c24 position-relative h-element\">\n                <!---->\n                <!---->\n                <div class=\"\">\n                  <p><span style=\"font-weight: 400; font-size: 18px; font-family: Poppins; color: rgb(55, 57, 78);\">Premi\u00e8re application de t\u00e9l\u00e9consultation en Tunisie, ISTISHARA fournit des r\u00e9ponses fiables \u00e0 toutes les questions d\u2019ordre juridique, comptable et fiscal. L\u2019utilisateur peut choisir un professionnel sp\u00e9cialis\u00e9 parmi la liste disponible d\u2019avocats, de comptables et de conseillers fiscaux et le contacter pour une consultation t\u00e9l\u00e9phonique payante. ISTISHARA est t\u00e9l\u00e9chargeable gratuitement depuis App Store et Play Store.<\/span><\/p>\n                <\/div>\n              <\/div>\n            <\/div>\n          <\/div>\n        <\/div>\n        <div class=\"h-column h-column-container d-flex h-col-lg-auto h-col-md-auto h-col-auto style-202-outer style-local-7-c25-outer\">\n          <div data-colibri-id=\"7-c25\" class=\"d-flex h-flex-basis h-column__inner h-px-lg-2 h-px-md-2 h-px-2 v-inner-lg-2 v-inner-md-2 v-inner-2 style-202 style-local-7-c25 position-relative\">\n            <!---->\n            <!---->\n            <div class=\"w-100 h-y-container h-column__content h-column__v-align flex-basis-100 align-self-lg-center align-self-md-center align-self-center\">\n              <!---->\n              <div data-colibri-id=\"7-c26\" class=\"d-block style-203 style-local-7-c26 position-relative h-element\">\n                <!---->\n                <div class=\"h-image__frame-container-outer\">\n                  <div class=\"h-image__frame-container\">\n                    <!---->\n                    <!---->\n                    <img loading=\"lazy\" decoding=\"async\" width=\"471\" height=\"471\" src=\"https:\/\/www.istishara.com.tn\/wp-content\/uploads\/2026\/03\/cropped-image.png\" class=\"wp-image-127 style-203-image style-local-7-c26-image\" alt=\"\" srcset=\"https:\/\/www.istishara.com.tn\/wp-content\/uploads\/2026\/03\/cropped-image.png 471w, https:\/\/www.istishara.com.tn\/wp-content\/uploads\/2026\/03\/cropped-image-300x300.png 300w, https:\/\/www.istishara.com.tn\/wp-content\/uploads\/2026\/03\/cropped-image-150x150.png 150w\" sizes=\"auto, (max-width: 471px) 100vw, 471px\" \/>\n                    <div class=\"h-image__frame h-hide-sm style-203-frameImage style-local-7-c26-frameImage\"><\/div>\n                  <\/div>\n                <\/div>\n              <\/div>\n            <\/div>\n          <\/div>\n        <\/div>\n      <\/div>\n    <\/div>\n  <\/div>\n<\/div>\n<\/div>","protected":false},"excerpt":{"rendered":"<p>Questions juridiques Des professionnels accr\u00e9dit\u00e9s sont connect\u00e9s 24\/24h pour vous rendre service et vous fournir toutes les informations dont vous avez besoin, et ce en toute anonymit\u00e9, discr\u00e9tion et s\u00e9curit\u00e9. Questions comptables Des professionnels accr\u00e9dit\u00e9s sont connect\u00e9s 24\/24h pour vous rendre service et vous fournir toutes les informations dont vous avez besoin, et ce en [&hellip;]<\/p>\n","protected":false},"author":1,"featured_media":0,"parent":0,"menu_order":0,"comment_status":"closed","ping_status":"closed","template":"page-templates\/homepage.php","meta":{"footnotes":""},"class_list":["post-7","page","type-page","status-publish","hentry"],"yoast_head":"<!-- This site is optimized with the Yoast SEO plugin v27.2 - https:\/\/yoast.com\/product\/yoast-seo-wordpress\/ -->\n<title>Premi\u00e8re application mobile de t\u00e9l\u00e9consultation en Tunisie<\/title>\n<meta name=\"description\" content=\"Premi\u00e8re application mobile de t\u00e9l\u00e9consultation en Tunisie\" \/>\n<meta name=\"robots\" content=\"index, follow, max-snippet:-1, max-image-preview:large, max-video-preview:-1\" \/>\n<link rel=\"canonical\" href=\"https:\/\/www.istishara.com.tn\/\" \/>\n<meta property=\"og:locale\" content=\"fr_FR\" \/>\n<meta property=\"og:type\" content=\"article\" \/>\n<meta property=\"og:title\" content=\"Premi\u00e8re application mobile de t\u00e9l\u00e9consultation en Tunisie\" \/>\n<meta property=\"og:description\" content=\"Premi\u00e8re application mobile de t\u00e9l\u00e9consultation en Tunisie\" \/>\n<meta property=\"og:url\" content=\"https:\/\/www.istishara.com.tn\/\" \/>\n<meta property=\"article:modified_time\" content=\"2026-03-18T13:04:54+00:00\" \/>\n<meta property=\"og:image\" content=\"https:\/\/www.istishara.com.tn\/wp-content\/uploads\/2026\/03\/cropped-image.png\" \/>\n\t<meta property=\"og:image:width\" content=\"471\" \/>\n\t<meta property=\"og:image:height\" content=\"471\" \/>\n\t<meta property=\"og:image:type\" content=\"image\/png\" \/>\n<meta name=\"twitter:card\" content=\"summary_large_image\" \/>\n<meta name=\"twitter:label1\" content=\"Dur\u00e9e de lecture estim\u00e9e\" \/>\n\t<meta name=\"twitter:data1\" content=\"2 minutes\" \/>\n<script type=\"application\/ld+json\" class=\"yoast-schema-graph\">{\"@context\":\"https:\/\/schema.org\",\"@graph\":[{\"@type\":\"WebPage\",\"@id\":\"https:\/\/www.istishara.com.tn\/\",\"url\":\"https:\/\/www.istishara.com.tn\/\",\"name\":\"Premi\u00e8re application mobile de t\u00e9l\u00e9consultation en Tunisie\",\"isPartOf\":{\"@id\":\"https:\/\/www.istishara.com.tn\/#website\"},\"primaryImageOfPage\":{\"@id\":\"https:\/\/www.istishara.com.tn\/#primaryimage\"},\"image\":{\"@id\":\"https:\/\/www.istishara.com.tn\/#primaryimage\"},\"thumbnailUrl\":\"https:\/\/www.istishara.com.tn\/wp-content\/uploads\/2026\/03\/cropped-image.png\",\"datePublished\":\"2026-03-17T15:10:16+00:00\",\"dateModified\":\"2026-03-18T13:04:54+00:00\",\"description\":\"Premi\u00e8re application mobile de t\u00e9l\u00e9consultation en Tunisie\",\"breadcrumb\":{\"@id\":\"https:\/\/www.istishara.com.tn\/#breadcrumb\"},\"inLanguage\":\"fr-FR\",\"potentialAction\":[{\"@type\":\"ReadAction\",\"target\":[\"https:\/\/www.istishara.com.tn\/\"]}]},{\"@type\":\"ImageObject\",\"inLanguage\":\"fr-FR\",\"@id\":\"https:\/\/www.istishara.com.tn\/#primaryimage\",\"url\":\"https:\/\/www.istishara.com.tn\/wp-content\/uploads\/2026\/03\/cropped-image.png\",\"contentUrl\":\"https:\/\/www.istishara.com.tn\/wp-content\/uploads\/2026\/03\/cropped-image.png\",\"width\":471,\"height\":471},{\"@type\":\"BreadcrumbList\",\"@id\":\"https:\/\/www.istishara.com.tn\/#breadcrumb\",\"itemListElement\":[{\"@type\":\"ListItem\",\"position\":1,\"name\":\"Accueil\",\"item\":\"https:\/\/www.istishara.com.tn\/\"},{\"@type\":\"ListItem\",\"position\":2,\"name\":\"Front Page\"}]},{\"@type\":\"WebSite\",\"@id\":\"https:\/\/www.istishara.com.tn\/#website\",\"url\":\"https:\/\/www.istishara.com.tn\/\",\"name\":\"\",\"description\":\"\",\"potentialAction\":[{\"@type\":\"SearchAction\",\"target\":{\"@type\":\"EntryPoint\",\"urlTemplate\":\"https:\/\/www.istishara.com.tn\/?s={search_term_string}\"},\"query-input\":{\"@type\":\"PropertyValueSpecification\",\"valueRequired\":true,\"valueName\":\"search_term_string\"}}],\"inLanguage\":\"fr-FR\"}]}<\/script>\n<!-- \/ Yoast SEO plugin. -->","yoast_head_json":{"title":"Premi\u00e8re application mobile de t\u00e9l\u00e9consultation en Tunisie","description":"Premi\u00e8re application mobile de t\u00e9l\u00e9consultation en Tunisie","robots":{"index":"index","follow":"follow","max-snippet":"max-snippet:-1","max-image-preview":"max-image-preview:large","max-video-preview":"max-video-preview:-1"},"canonical":"https:\/\/www.istishara.com.tn\/","og_locale":"fr_FR","og_type":"article","og_title":"Premi\u00e8re application mobile de t\u00e9l\u00e9consultation en Tunisie","og_description":"Premi\u00e8re application mobile de t\u00e9l\u00e9consultation en Tunisie","og_url":"https:\/\/www.istishara.com.tn\/","article_modified_time":"2026-03-18T13:04:54+00:00","og_image":[{"width":471,"height":471,"url":"https:\/\/www.istishara.com.tn\/wp-content\/uploads\/2026\/03\/cropped-image.png","type":"image\/png"}],"twitter_card":"summary_large_image","twitter_misc":{"Dur\u00e9e de lecture estim\u00e9e":"2 minutes"},"schema":{"@context":"https:\/\/schema.org","@graph":[{"@type":"WebPage","@id":"https:\/\/www.istishara.com.tn\/","url":"https:\/\/www.istishara.com.tn\/","name":"Premi\u00e8re application mobile de t\u00e9l\u00e9consultation en Tunisie","isPartOf":{"@id":"https:\/\/www.istishara.com.tn\/#website"},"primaryImageOfPage":{"@id":"https:\/\/www.istishara.com.tn\/#primaryimage"},"image":{"@id":"https:\/\/www.istishara.com.tn\/#primaryimage"},"thumbnailUrl":"https:\/\/www.istishara.com.tn\/wp-content\/uploads\/2026\/03\/cropped-image.png","datePublished":"2026-03-17T15:10:16+00:00","dateModified":"2026-03-18T13:04:54+00:00","description":"Premi\u00e8re application mobile de t\u00e9l\u00e9consultation en Tunisie","breadcrumb":{"@id":"https:\/\/www.istishara.com.tn\/#breadcrumb"},"inLanguage":"fr-FR","potentialAction":[{"@type":"ReadAction","target":["https:\/\/www.istishara.com.tn\/"]}]},{"@type":"ImageObject","inLanguage":"fr-FR","@id":"https:\/\/www.istishara.com.tn\/#primaryimage","url":"https:\/\/www.istishara.com.tn\/wp-content\/uploads\/2026\/03\/cropped-image.png","contentUrl":"https:\/\/www.istishara.com.tn\/wp-content\/uploads\/2026\/03\/cropped-image.png","width":471,"height":471},{"@type":"BreadcrumbList","@id":"https:\/\/www.istishara.com.tn\/#breadcrumb","itemListElement":[{"@type":"ListItem","position":1,"name":"Accueil","item":"https:\/\/www.istishara.com.tn\/"},{"@type":"ListItem","position":2,"name":"Front Page"}]},{"@type":"WebSite","@id":"https:\/\/www.istishara.com.tn\/#website","url":"https:\/\/www.istishara.com.tn\/","name":"","description":"","potentialAction":[{"@type":"SearchAction","target":{"@type":"EntryPoint","urlTemplate":"https:\/\/www.istishara.com.tn\/?s={search_term_string}"},"query-input":{"@type":"PropertyValueSpecification","valueRequired":true,"valueName":"search_term_string"}}],"inLanguage":"fr-FR"}]}},"_links":{"self":[{"href":"https:\/\/www.istishara.com.tn\/index.php?rest_route=\/wp\/v2\/pages\/7","targetHints":{"allow":["GET"]}}],"collection":[{"href":"https:\/\/www.istishara.com.tn\/index.php?rest_route=\/wp\/v2\/pages"}],"about":[{"href":"https:\/\/www.istishara.com.tn\/index.php?rest_route=\/wp\/v2\/types\/page"}],"author":[{"embeddable":true,"href":"https:\/\/www.istishara.com.tn\/index.php?rest_route=\/wp\/v2\/users\/1"}],"replies":[{"embeddable":true,"href":"https:\/\/www.istishara.com.tn\/index.php?rest_route=%2Fwp%2Fv2%2Fcomments&post=7"}],"version-history":[{"count":11,"href":"https:\/\/www.istishara.com.tn\/index.php?rest_route=\/wp\/v2\/pages\/7\/revisions"}],"predecessor-version":[{"id":156,"href":"https:\/\/www.istishara.com.tn\/index.php?rest_route=\/wp\/v2\/pages\/7\/revisions\/156"}],"wp:attachment":[{"href":"https:\/\/www.istishara.com.tn\/index.php?rest_route=%2Fwp%2Fv2%2Fmedia&parent=7"}],"curies":[{"name":"wp","href":"https:\/\/api.w.org\/{rel}","templated":true}]}}